er when 16/(-128) - 1345/(-8) is divided by l(-2)?
16
Let f(g) = -g**2 + 10*g + 9. Suppose x + 0*s - s - 9 = 0, -4*x + 35 = -3*s. Let b = 43 + 5. What is the remainder when b is divided by f(x)?
23
Suppose -2287*s + 805*s = -57798. Let v = -6 - -22. Calculate the remainder when s is divided by v.
7
Suppose -z - 8*h + 122 = -4*h, -5*h = 5*z - 595. Let o = 2788 + -2777. Calculate the remainder when z is divided by o.
8
Let z(j) = -3*j**3 + 7*j**2 + 10*j - 8. Let i(p) = -4*p**3 + 8*p**2 + 9*p - 9. Let t(v) = -2*i(v) + 3*z(v). Calculate the remainder when t(6) is divided by 13.
4
Suppose 0 = -51*s + 54*s + 1689. Let o = s + 567. Calculate the remainder when 7 is divided by o.
3
Let i = 1036 + 360. Suppose t = 3*z + 361, -i + 338 = -3*t + 4*z. Calculate the remainder when t is divided by 88.
82
Suppose -5*w - 2*p + 82 = 0, -5*p - 210 = -5*w - 65. What is the remainder when 3452 is divided by w?
12
Suppose 3*l + 2172 = 467*c - 464*c, 2*c - 5*l - 1463 = 0. Calculate the remainder when 2163 is divided by c.
6
Suppose -2*n + 55 = -5*i, 0 = -5*i + 145 - 140. Let f(c) = c + 1. Let b be f(-1). Suppose b = -4*u + 2*u + 16. What is the remainder when n is divided by u?
6
Suppose 5*t = l + 14 - 0, -4*l + 1 = -t. Suppose -5*s = 3*v + 2*v - 95, 97 = 5*v + 3*s. What is the remainder when v is divided by ((-24)/9 - l)*-3?
9
Suppose 5*w - 234 = -4*w. Let d(u) = u**2 + 2*u + 172. Let b be d(0). What is the remainder when (15/(-20))/((-1)/b) is divided by w?
25
Let u(o) = 723*o**2 - 55*o - 60. What is the remainder when u(-1) is divided by 45?
43
Suppose -96 = -25*g - 93 - 578. Suppose -d - 4*d - 165 = 0. Let s = g - d. What is the remainder when 19 is divided by s?
9
Let a(r) = r**2 + 4*r - 6. Let b be a(-4). What is the remainder when b + (-4 + 4 - -677) is divided by 75?
71
Let t = 243 + -116. Let c = -101 + t. What is the remainder when 152 is divided by c?
22
Let r(d) = 3*d**3 - 100*d**2 + 33*d + 1. Let a be r(33). Suppose -u + 3*u - 12 = 0. What is the remainder when (u + -1)*528/40 - a is divided by 22?
21
Let g be (-9)/(4 + (-33)/6). Let z be 6/(-33) + g/33. Suppose -18 = -2*c - z. Calculate the remainder when 51 is divided by c.
6
Let b = 405 - 273. Suppose 0*r = 4*r + 3*i - b, 3*i + 12 = 0. Let m = -2101 + 2204. Calculate the remainder when m is divided by r.
31
Let s = 233 - 232. What is the remainder when 298 is divided by s*(32/2 - 3)?
12
Suppose 207*a = 95*a + 101*a + 3025. What is the remainder when 2455 is divided by a?
255
Let o(c) = 2*c**2 - 92. Let p be o(-9). What is the remainder when (18 - p)*(-6)/4 is divided by 20?
18
Suppose 0 = 5*w - 38 + 18. Suppose -156 = -3*c + 5*j, -5*c - w*j - 53 = -350. What is the remainder when c is divided by (3 + -2)/((-1)/(-15))?
12
Let q(x) = 4*x**3 - 10*x**2 + 20*x - 14. Let z be q(6). Let i = z + -572. Calculate the remainder when 683 is divided by i.
37
Suppose 0*y - 12 = -2*y - 3*p, 4*y - 5*p = 2. Calculate the remainder when 18/y*(-374)/(-66) is divided by 1 + -3 - (-25 + 3).
14
Let o be (-2 - 55) + -2 + 0. Let a = 112 + o. Suppose 30*t - 1473 + 231 = 17*t - 56*t. What is the remainder when a is divided by t?
17
Let f = 11161 + -11141. Suppose 182 = i - 37. Calculate the remainder when i is divided by f.
19
Let i = -367 - -371. Calculate the remainder when 0 - -3 - 6 - -91 is divided by (-8)/20 + i/(80/468).
19
What is the remainder when 1263 is divided by (86 - 64) + 2*(-15)/6?
5
Let y = -279 - 162. Let r = -304 - y. Calculate the remainder when r is divided by 46.
45
Suppose -5*v + 362 = 3*b, -33*b = -28*b - 3*v - 592. What is the remainder when 1890 is divided by b?
105
Let u(c) = c**3 + 5*c**2 + 7*c + 6. Let h be u(-4). Let w(x) = x**3 + 6*x**2 - x. Let a = -2537 + 2570. What is the remainder when a is divided by w(h)?
3
Suppose 536 + 686 = 61*l - 60*l. What is the remainder when l is divided by 406?
4
Suppose 0 = 7*l - 5*l - 4*w - 184, 198 = 2*l + 3*w. Suppose 0 = -b + 3*a - 0*a + l, 5*b - 5*a - 530 = 0. What is the remainder when b is divided by 32?
15
Let y = 29 + -16. Suppose -5*q + y = 2*x, 0*x = 4*q - 5*x - 17. Suppose q*r - 17 = -2. Calculate the remainder when 13 is divided by r.
3
Suppose -130*f - 2*b - 128 = -133*f, -2*b = 2. What is the remainder when 99 is divided by f?
15
Let w be -36*((-8)/(-2) - (-77)/(-14)). Let g = w - -7. Calculate the remainder when 424 is divided by g.
58
Let s be 5*((6 - -56) + -3). Suppose 5*g = 105 + s. Suppose -42 = -2*p - 2*o, 64 = 3*p - 5*o + 1. What is the remainder when g is divided by p?
17
Let q be -1 + (-1675)/20 - (-3)/4. Let j = 176 + q. What is the remainder when j is divided by 19?
16
Suppose 5*h = 17 + 18. Suppose h*i - 31 = -3. Suppose -r + 52 = s, 5*s + 5*r = i*s + 56. Calculate the remainder when s is divided by 6.
3
Suppose -6*p = -2*p - 248. Suppose 0 = 13*o - 23*o + 30. Suppose o*s - 40 + 1 = 0. Calculate the remainder when p is divided by s.
10
Suppose -24*y - 12*y = -5*y - 4929. Calculate the remainder when y is divided by 28.
19
What is the remainder when 2392 is divided by 61/3 + 16*(-2)/24?
17
Suppose -32*v - 10605 = -133*v. Calculate the remainder when 620 is divided by v.
95
Let p(f) = f**3 + 11*f**2 - 94*f - 706. What is the remainder when 1106 is divided by p(-13)?
38
Let w(j) = j**3 + 8*j**2 - 14*j - 9. Let k be w(-8). Suppose 7*g - k = 191. Calculate the remainder when g is divided by 3.
0
Let v(z) = 150*z - 1. Let b be v(2). Let x = 443 - b. Let t = 228 - x. What is the remainder when t is divided by 30?
24
Let g(h) = -496*h - 415. Calculate the remainder when 870 is divided by g(-1).
60
Let i(j) = 2*j**3 - j**2 - j + 625. Let t be i(0). Let p = -442 + t. Calculate the remainder when p is divided by 31.
28
Calculate the remainder when (2 + -26)*(-51)/9 is divided by (-1 - (-3 + 9)) + (-26 - -33) + 29.
20
Suppose 14*b - 6454 = 11046. Calculate the remainder when b is divided by 37.
29
What is the remainder when (4 + (-1 - 4))/(1400/(-466) + 3) is divided by 15?
8
Suppose -3*f + 80 = -52. Suppose 0 = -5*k + 98 - 58. What is the remainder when f is divided by k?
4
Suppose 43*h = 18*h + 14200. Suppose 0 = 5*t + 10, h = 2*n + 3*t + 180. What is the remainder when n is divided by 8?
5
What is the remainder when 9*2/3 - ((-4)/4 + -1621) is divided by 9?
8
Calculate the remainder when 535 is divided by -7*2*5/10 - (5 - 19).
3
Suppose -475*w + 197*w + 25298 = 0. What is the remainder when w is divided by 12?
7
Let w(s) = 3*s**2 - 7*s + 3. Calculate the remainder when w(5) is divided by (-978)/16626 - (-69)/17.
3
Let u = 250 - 252. Suppose 0 = -5*t - a + 37 + 58, 4*a = -t + 38. Calculate the remainder when (-2 - -1 - (-1700)/(-40))*u is divided by t.
15
Let t = -195 - -68. Let z = 144 + t. Let x(a) = -2*a**2 + 36*a - 23. What is the remainder when 18 is divided by x(z)?
7
Suppose 384*t = 388*t + 4*c - 13300, -3*c = -4*t + 13286. Calculate the remainder when t is divided by 19.
17
Let k be ((-24)/14)/((-4)/14). Let i be ((-351)/(-26))/(k/(-16)). What is the remainder when 1/4 - 279/i is divided by 4?
0
Let h(k) = -2*k - 172. Let y be h(-19). What is the remainder when (y*(-2)/10)/((-1)/(-10)) is divided by 45?
43
Let g = 1 - -1. Suppose -6*x = -g*x - 56. Let c(w) = -134*w - 467. Calculate the remainder when c(-4) is divided by x.
13
What is the remainder when ((-2240)/21)/(-40)*(321/4)/1 is divided by 157?
57
Calculate the remainder when 402 is divided by (1 + 0)/((-8)/(-16)) - -375.
25
Let g = 26 - 32. Let o be -32*2/(g/(-3))*1. Let j = 10 - o. Calculate the remainder when j is divided by 9.
6
Let t(y) = -4340*y - 17. Calculate the remainder when t(-1) is divided by 21.
18
Let q = 23 - 17. Let l = 11 - q. Suppose -h - 396 = -l*h. What is the remainder when h is divided by 34?
31
Suppose -3*b - 5*h = -63, 8*b + 5*h = 4*b + 79. Suppose -4*w - 55 = -163. What is the remainder when w is divided by b?
11
Let g(q) = 5*q**2 + 45*q + 5. Let j be g(-7). Let d(f) = f**3 - 8*f**2 + 5*f - 6. Let y be d(4). Let p = y - j. What is the remainder when 74 is divided by p?
14
Let d(t) = -t**3 + 5*t**2 + 11*t - 18. Let b be d(6). Suppose 3*p = b, -2*p = 4*i - 4*p - 232. What is the remainder when i is divided by 29?
2
Let f = -37404 + 37437. Let d(a) = -55*a + 1. Calculate the remainder when d(-2) is divided by f.
12
Suppose 8*a - 11*a + 3*v = -18, 30 = 5*